factors of 7956179?
7, 11, 29, 509
List the prime factors of 1896595.
5, 379319
List the prime factors of 4818456.
2, 3, 66923
What are the prime factors of 4203234?
2, 3, 7, 33359
What are the prime factors of 1746170?
2, 5, 174617
List the prime factors of 116441.
13, 53
What are the prime factors of 9141657?
3, 7, 435317
List the prime factors of 792668.
2, 53, 3739
What are the prime factors of 758678?
2, 23, 16493
List the prime factors of 92006.
2, 179, 257
What are the prime factors of 447783?
3, 7, 21323
What are the prime factors of 1529312?
2, 47791
List the prime factors of 1424221.
19, 74959
What are the prime factors of 965149?
23, 29, 1447
What are the prime factors of 220933?
220933
What are the prime factors of 2850515?
5, 67, 127
What are the prime factors of 1730963?
13, 47, 2833
List the prime factors of 50040.
2, 3, 5, 139
What are the prime factors of 13144200?
2, 3, 5, 19, 1153
What are the prime factors of 354505?
5, 70901
List the prime factors of 361178.
2, 419, 431
What are the prime factors of 3065015?
5, 17, 107, 337
What are the prime factors of 36738816?
2, 3, 47837
List the prime factors of 59733.
3, 6637
List the prime factors of 533787.
3, 177929
What are the prime factors of 212667?
3, 7, 13, 19, 41
List the prime factors of 104556.
2, 3, 8713
What are the prime factors of 2203162?
2, 13, 84737
What are the prime factors of 12045638?
2, 11, 547529
What are the prime factors of 2568447?
3, 7, 59, 691
List the prime factors of 535418.
2, 13, 20593
What are the prime factors of 6925046?
2, 3462523
What are the prime factors of 3907881?
3, 434209
What are the prime factors of 1422068?
2, 355517
List the prime factors of 831339.
3, 71, 1301
What are the prime factors of 1727961?
3, 575987
List the prime factors of 12439235.
5, 571, 4357
What are the prime factors of 1147834?
2, 47, 12211
List the prime factors of 16529.
16529
What are the prime factors of 739270?
2, 5, 7, 59, 179
What are the prime factors of 1625152?
2, 67, 379
List the prime factors of 243733.
7, 34819
List the prime factors of 256039.
7, 79, 463
What are the prime factors of 1260103?
13, 96931
List the prime factors of 2174126.
2, 47, 101, 229
What are the prime factors of 2354027?
13, 23, 7873
What are the prime factors of 9548834?
2, 4774417
What are the prime factors of 6964674?
2, 3, 71, 16349
List the prime factors of 45422.
2, 13, 1747
What are the prime factors of 8556490?
2, 5, 79, 10831
What are the prime factors of 28953?
3, 3217
List the prime factors of 76645.
5, 15329
What are the prime factors of 261022?
2, 19, 6869
What are the prime factors of 2157021?
3, 61, 3929
List the prime factors of 521171.
7, 74453
List the prime factors of 4464678.
2, 3, 744113
What are the prime factors of 924326?
2, 13, 73, 487
List the prime factors of 286905.
3, 5, 31, 617
What are the prime factors of 1071054?
2, 3, 157, 379
What are the prime factors of 780791?
11, 70981
What are the prime factors of 964369?
7, 19681
What are the prime factors of 3972769?
47, 181, 467
List the prime factors of 374099.
11, 71, 479
List the prime factors of 829732.
2, 207433
What are the prime factors of 282680?
2, 5, 37, 191
What are the prime factors of 6019160?
2, 5, 7, 37, 83
List the prime factors of 10869863.
167, 65089
List the prime factors of 394881.
3, 131627
What are the prime factors of 1191745?
5, 23, 43, 241
List the prime factors of 2958944.
2, 92467
List the prime factors of 390924.
2, 3, 10859
List the prime factors of 464361.
3, 154787
What are the prime factors of 1346535?
3, 5, 23, 1301
List the prime factors of 13053210.
2, 3, 5, 435107
List the prime factors of 5801981.
17, 341293
What are the prime factors of 1635337?
11, 148667
What are the prime factors of 2152404?
2, 3, 17, 3517
List the prime factors of 64740.
2, 3, 5, 13, 83
What are the prime factors of 67649?
61, 1109
What are the prime factors of 17960?
2, 5, 449
List the prime factors of 57894.
2, 3, 9649
List the prime factors of 764249.
764249
What are the prime factors of 234623?
23, 101
What are the prime factors of 47205?
3, 5, 1049
List the prime factors of 9276.
2, 3, 773
List the prime factors of 24233414.
2, 12116707
What are the prime factors of 220988?
2, 101, 547
List the prime factors of 14956.
2, 3739
List the prime factors of 258869.
13, 19913
List the prime factors of 2854778.
2, 1427389
What are the prime factors of 502322?
2, 19, 13219
List the prime factors of 5380998.
2, 3, 7, 128119
List the prime factors of 3263598.
2, 3, 13, 4649
What are the prime factors of 5609334?
2, 3, 934889
What are the prime factors of 188229?
3, 62743
What are the prime factors of 1291443?
3, 73, 5897
What are the prime factors of 945671?
945671
What are the prime factors of 1846001?
1846001
What are the prime factors of 798010?
2, 5, 79801
What are the prime factors of 183527?
183527
List the prime factors of 4084319.
37, 167, 661
List the prime factors of 815505.
3, 5, 54367
List the prime factors of 82508.
2, 20627
What are the prime factors of 12709945?
5, 109, 23321
List the prime factors of 58918.
2, 89, 331
What are the prime factors of 408770?
2, 5, 41, 997
What are the prime factors of 2324927?
11, 241, 877
List the prime factors of 3987651.
3, 1329217
List the prime factors of 24583447.
7, 501703
List the prime factors of 1059787.
1059787
List the prime factors of 8415191.
29, 439, 661
List the prime factors of 1307925.
3, 5, 5813
What are the prime factors of 225199?
13, 17, 1019
List the prime factors of 225510.
2, 3, 5, 7517
List the prime factors of 2321231.
11, 17, 12413
What are the prime factors of 1540482?
2, 3, 19, 13513
What are the prime factors of 2347349?
113, 20773
What are the prime factors of 34418323?
2389, 14407
List the prime factors of 287003.
287003
List the prime factors of 32308131.
3, 863, 12479
List the prime factors of 663224.
2, 82903
List the prime factors of 1391463.
3, 349, 443
List the prime factors of 444775.
5, 17791
List the prime factors of 2279509.
61, 37369
What are the prime factors of 1096537?
13, 84349
What are the prime factors of 106408?
2, 47, 283
What are the prime factors of 1595946?
2, 3, 11, 24181
List the prime factors of 4117172.
2, 31, 33203
What are the prime factors of 4380330?
2, 3, 5, 146011
List the prime factors of 46831.
46831
What are the prime factors of 9126475?
5, 79, 4621
List the prime factors of 345667.
7, 19, 23, 113
List the prime factors of 2248733.
23, 97771
What are the prime factors of 277157?
277157
List the prime factors of 48923.
7, 29, 241
What are the prime factors of 1202180?
2, 5, 7, 31, 277
List the prime factors of 4362664.
2, 443, 1231
List the prime factors of 556869.
3, 17, 61, 179
List the prime factors of 2955630.
2, 3, 5, 83, 1187
List the prime factors of 31586.
2, 17, 929
What are the prime factors of 142777?
67, 2131
List the prime factors of 2952834.
2, 3, 181, 2719
List the prime factors of 2747864.
2, 7, 49069
List the prime factors of 70843.
70843
List the prime factors of 5234957.
7, 13, 57527
List the prime factors of 19868001.
3, 37, 71, 2521
What are the prime factors of 1023190?
2, 5, 7, 47, 311
What are the prime factors of 3358286?
2, 1679143
What are the prime factors of 372868?
2, 31, 97
List the prime factors of 7078284.
2, 3, 97, 2027
List the prime factors of 7088449.
41, 83, 2083
What are the prime factors of 114292?
2, 28573
List the prime factors of 35478208.
2, 554347
What are the prime factors of 2586421?
2586421
List the prime factors of 19306.
2, 7, 197
List the prime factors of 503973.
3, 55997
List the prime factors of 1700345.
5, 89, 3821
What are the prime factors of 936885?
3, 5, 62459
What are the prime factors of 90379?
90379
List the prime factors of 5851904.
2, 22859
List the prime factors of 26356.
2, 11, 599
What are the prime factors of 644735?
5, 7, 13, 109
What are the prime factors of 806009?
806009
What are the prime factors of 20423?
13, 1571
List the prime factors of 125635.
5, 25127
What are the prime factors of 1137752?
2, 7, 11, 1847
What are the prime factors of 256672?
2, 13, 617
List the prime factors of 815510.
2, 5, 81551
What are the prime factors of 1601357?
269, 5953
What are the prime factors of 2752448?
2, 29, 1483
What are the prime